prime factors of t?
3, 67, 83
Suppose 337*m - 309*m + 364 = 0. Suppose -t + 4*b + 138 = 0, 2*t + 2*t = b + 567. Let w = t + m. What are the prime factors of w?
3, 43
Suppose 2*j + 4*z - 46 = 0, -5*j - 4*z + z + 87 = 0. Suppose j*l - 12*l = i + 94, -5*l + 2*i = -155. What are the prime factors of l?
3, 11
Suppose 0*m - 4 = -2*m. Suppose 3*j = -9, -21 = m*a - 0*j + 3*j. Let c(b) = b**2 - b - 1. What are the prime factors of c(a)?
41
Let n = -4853 - -2802. Let u = n - -3063. What are the prime factors of u?
2, 11, 23
Suppose 4*x - 5915 = c, 5*c - 7977 = -4*x - 37504. List the prime factors of c/(-21) - (-4)/(-14).
281
Let i = -107 + 1423. Suppose 3*r - i = -5*n, -7*n + 2*r = -5*n - 520. List the prime factors of n.
2, 131
Let k(s) = 4*s**2 + 15*s - 31. Let i be k(-13). Let w be (i/(-12))/(6/(-8)). Let c = 71 - w. What are the prime factors of c?
3, 7
Suppose -2 = 2*p + 2*n, -3 = -p + 4*n + 1. Suppose g + 3*g = -p*g. Suppose h - 82 = -k, -4*h + 4*k = -g*k - 344. What are the prime factors of h?
2, 3, 7
Suppose 6*f - f - 5888 = -2*s, f = -s + 2950. Suppose 18*c - 4*c = s. What are the prime factors of c?
211
List the prime factors of ((4 - 8)*(-76985)/(-20))/(8 - 9).
89, 173
Let o(x) = 88618*x - 202. List the prime factors of o(1).
2, 3, 307
Let b(p) = 34*p**2 + 23*p + 6. List the prime factors of b(-4).
2, 229
Suppose 2*d - 5*p - 3 = 0, 2*p - 6 = -4. What are the prime factors of (-3 - 696/(-16))*d?
2, 3
Let z(m) = 487*m**2 + 2*m + 1. Let d(r) = -3*r**2 + 2. Let c be d(-1). List the prime factors of z(c).
2, 3
What are the prime factors of (2 - 95/3)/((-2870)/2865 - -1)?
89, 191
Let j(m) = m**2 + 11*m + 69. Let r be j(-23). Let a = -11 + 18. Suppose -r = -a*g + 306. What are the prime factors of g?
3, 31
Let w = 60987 - 43352. List the prime factors of w.
5, 3527
What are the prime factors of (2 - 61*-3)/(256/63232)?
5, 13, 19, 37
Suppose -2*o + 2*b + 137884 = 0, -5*o - 117670 = 5*b - 462360. List the prime factors of o.
2, 3, 5, 383
Let k = 33130 - 11574. What are the prime factors of k?
2, 17, 317
Let h(k) be the second derivative of -5*k**5/4 + k**4 + 17*k**3/6 + 3*k**2/2 + 82*k. List the prime factors of h(-3).
3, 5, 7
Let r be (-2 + 288/(-15))/(8/(-80)). Let g be -1 + (-2 - -1) - -474. Let d = g - r. List the prime factors of d.
2, 5, 13
Let u(p) = -p**3 - 3*p**2 - 2*p - 4. Let s be u(-6). Suppose -116*j = -125*j - 549. Let o = j + s. List the prime factors of o.
5, 11
What are the prime factors of (-387279)/(-16) + (-46)/(-736)?
5, 47, 103
What are the prime factors of ((-3)/4)/(5 - 102562/20512)?
2, 3, 641
Let q be 219/15 - (-6)/15. Suppose 0 = -a + 6*i - 2*i - 15, q = -4*a + i. Let s(c) = -35*c + 15. List the prime factors of s(a).
2, 3, 5
Let y = -242 - -261. Suppose y*j - 7414 = 8*j. What are the prime factors of j?
2, 337
Let x be 1*-36*90/(-27). Suppose -x*b = -121*b + 8. Suppose b*n + 1387 = 27*n. List the prime factors of n.
73
Let p(c) = -5*c - 77. Let t be p(-16). Suppose -t*m + 4*j = -620, -22*m + 4*j - 180 = -23*m. What are the prime factors of m?
2, 5
Let i be -29 - (-4 - 0/2). Let z = i - -30. Suppose -z*s + 377 = -93. What are the prime factors of s?
2, 47
Let v(q) = 190*q**2 - q + 1. Let k = -98 + 136. Let z = k - 37. What are the prime factors of v(z)?
2, 5, 19
Suppose -5*p = 5*y - 255410, -390335 + 134949 = -5*p - 2*y. What are the prime factors of p?
2, 25537
Let b(i) = 1142*i + 3*i**2 - 37*i**2 - 1150*i + 5*i**3 + 11. List the prime factors of b(8).
331
Let j(l) = -l**2 - 38*l - 19. Let i be j(-8). Let g = 569 - i. What are the prime factors of g?
2, 3, 29
Let w = 18221 + -10102. What are the prime factors of w?
23, 353
Let z = 1192 + -201. What are the prime factors of z - -3 - (-8)/1?
2, 3, 167
Let w be (-904)/12 - -1 - (-12)/(-18). What are the prime factors of -4 + w/(1/(-5) - 0)?
7, 53
Suppose 0 = 19*y - 0*y - 3838. Suppose -411 = -4*x - j, y = 2*x + 2*j - 8. What are the prime factors of x?
2, 3, 17
Let k = 37 - 7. Suppose 9*p - k = 4*p. Suppose 0 = -2*z - 2*c + 4, -4*z + c = -7 - p. List the prime factors of z.
3
Suppose 4*l - 150 = 190. Let d = l - 49. Let m = d + -15. What are the prime factors of m?
3, 7
Suppose x + b + 789 - 9619 = 0, 4*x = -3*b + 35324. List the prime factors of x.
2, 7, 631
Let r(m) = -1 - 3*m**2 + 2*m**3 - 2*m + 5*m**2 + 5 - 2. Suppose -1 - 2 = -o. What are the prime factors of r(o)?
2, 17
Suppose -3*l = -3*t - 11115, 11*l = 9*l + t + 7407. Let m = 5348 - l. What are the prime factors of m?
2, 823
Let c(b) = 2*b**2 - 21*b - 128. Let j(x) = -x**3 + 17*x**2 + 13*x + 71. Let q be j(18). What are the prime factors of c(q)?
3, 331
Suppose 146 = -6*w + 8*w. Suppose 4*u = -4*m + 64, -2*u + 2*m = u - w. Suppose j = -h + u, -23 = 4*j + h - 101. What are the prime factors of j?
19
Suppose t + 5*j = -8, 3*j = 2*t + 3*t - 16. Let n = 2998 + -2996. Suppose 3*x + m - 289 = n*m, -t*x + m = -192. List the prime factors of x.
97
Let l be 6/(-4)*-2 - 556. Let b = l - -971. What are the prime factors of b?
2, 11, 19
Let q(a) = 5433*a - 412. What are the prime factors of q(3)?
15887
Let h(g) = 3*g**3 - 17*g**2 + 40*g + 13. What are the prime factors of h(9)?
7, 13
Suppose -7*p - 3*y + 1065 = -4*p, 4*p - y - 1445 = 0. Let t = p - 182. List the prime factors of t.
2, 89
Suppose 0 = 4*o + o + a + 318, 0 = 4*o - 3*a + 243. Let d = o - -401. What are the prime factors of d?
2, 13
Let s = 52752 - 34264. What are the prime factors of s?
2, 2311
Suppose 5*p = -3*c + 72694, 2*p - 5*p + 43618 = c. Suppose p = 4*w + 16*w. List the prime factors of w.
727
Let j(v) = -6017*v**3 + 3*v**2 - 9*v - 11. Let a be j(-1). Suppose -40*n - a = -46*n. What are the prime factors of n?
17, 59
Let l(f) = -2*f**3 - 18*f**2 - 22*f - 42. Let j be l(-8). Suppose j*s - 15*s = -846. List the prime factors of s.
2, 47
Let n(i) = 26*i**2 + 4*i + 2. Let q be 5/(-2)*20/(-25). What are the prime factors of n(q)?
2, 3, 19
Let o be (1 - -1 - -345) + (-6)/2. Suppose 30*p + o = 26*p. Let g = p + 137. What are the prime factors of g?
3, 17
Let o be 7618/18 - (-1 - (-11)/9). Let a be o/6*(-24)/18. Let p = 136 + a. List the prime factors of p.
2, 3, 7
Suppose 0 = -9*k + 9*k - 39*k + 173862. List the prime factors of k.
2, 3, 743
Let x = -11028 + 11023. Let n(i) be the second derivative of i**4/2 + 5*i**3/6 - 7*i**2 + i. What are the prime factors of n(x)?
3, 37
Let b be 1 + (-10)/15*(-3 - -9). Let p be (-708)/(-1 - b)*3/(-9). Suppose 5*v = 2*w + p, -6 = 3*v - 4*v - 4*w. List the prime factors of v.
2, 11
Let k(g) = g**3 - 30*g**2 + 89*g - 932. Let y be k(28). Let l = 0 - -44. What are the prime factors of (-32)/y + 4/(-2) + l?
2, 23
Suppose 2*b + 1 = a - 8, 4*b = 3*a - 33. Let h = 19 - a. List the prime factors of 5529/(-38)*h/(-6).
97
Let f(j) = j**3 - 14*j**2 - 14*j - 17. Let x be f(15). Let g be ((-1)/x)/(20/(-8) - -3). Suppose 8 = -2*k, -z - 5*k + 26 - g = 0. List the prime factors of z.
3, 5
List the prime factors of (1 - 0)/(1/9857).
9857
Suppose -4*y + 4*s + 11940 = 0, -7*y + 10*y - 8951 = 2*s. Let i = -1492 + y. List the prime factors of i.
1489
Let k = 4472 + -514. List the prime factors of k.
2, 1979
Let n(j) = 71*j + 2100. What are the prime factors of n(77)?
7, 23, 47
Suppose 0 = 4*z + 236 - 100. Let o = 88 + z. Suppose 0 = -l + 169 + o. List the prime factors of l.
223
Suppose -9*x + 0*x + 117 = 0. Suppose -4*z = -25 + x. Suppose -z*k + q = -576, 0*k + 2*q = k - 197. List the prime factors of k.
191
Suppose 18 = 3*d, -u - 2*d - 816 = -4837. List the prime factors of u.
19, 211
Suppose 0 = 384*l - 377*l - 42. Let c(q) = 116*q + 15. List the prime factors of c(l).
3, 79
What are the prime factors of 47167536/(-2421)*-3*1?
2, 13, 281
Let v be 7 + ((-12)/3 - 0). Let d be 0 + -4 + 111 + v. Suppose -x = 9*x - d. What are the prime factors of x?
11
Let a be 2041 - (4 + (-12)/3). Suppose 6*q = 545 + a. What are the prime factors of q?
431
Suppose 0*t = -3*t + l + 10, 5 = l. Let n(s) be the third derivative of s**4/4 + 2*s**3/3 + 35*s**2. List the prime factors of n(t).
2, 17
Let u(r) = 2*r + 4. Let f be u(-5). Let l(d) be the third derivative of d**5/60 - d**4/12 + d**3/6 - 5*d**2. What are the prime factors of l(f)?
7
List the prime factors of 5559981/(-196)*(-36)/27.
109, 347
Let m = -171 + 193. Suppose -1328 = m*y - 26*y. What are the prime f